 Suppose 0 = 8*l - y. Suppose -3*r + 62 = l*z, -r - 2*z = -z - 19. Calculate the greatest common divisor of r and 8.
8
Let o be (15/(60/8) - -4) + 6. Let g(c) = c**3 - 2*c**2 - 5*c + 3. Let a be g(3). Let y = a - -6. What is the greatest common divisor of o and y?
3
Suppose -5*h = -2*y - y + 7, 3*h = -y + 21. Suppose -9*b = y*b - 252. What is the highest common divisor of 28 and b?
14
Suppose -3*h = 4*j + 16, -5 = 7*j - 2*j. Let w be 2/6*h + (-3)/(-9). Let i be (w - (-27)/12)*4*2. Calculate the greatest common divisor of i and 25.
5
Let z(v) = 54*v - 2276. Let f be z(46). Calculate the greatest common divisor of 2132 and f.
52
Suppose 0 = 4*h - 2*m - 7812, -5*m + 6833 + 965 = 4*h. Calculate the highest common divisor of 61 and h.
61
Let i(u) = u**2 + 8*u + 18. Let l be i(-5). Let m be 4/(((-80)/l)/(-8) + -3). Calculate the greatest common factor of 66 and m.
6
Let n be 196/686 + 739425/21 + 0 + 0. Calculate the greatest common divisor of n and 291.
291
Let y = -64 - -48. Let u(h) = 5*h + 94. Let m be u(y). What is the greatest common divisor of m and 49?
7
Let k = 9 - 0. Let w = 105 - 98. Let h = w - -92. What is the greatest common divisor of k and h?
9
Let m = -19 + 25. Suppose 432 = -3*r + 11*r. What is the highest common divisor of m and r?
6
Suppose -33*o + 37*o + 3*i - 3519 = 0, 3*i = o - 891. What is the greatest common divisor of 518 and o?
14
Let z(j) = j**3 + j - 1. Let p(v) = 34*v**3 + 4*v**2 - 8*v + 4. Let o(w) = p(w) + 2*z(w). Let u be o(1). Calculate the greatest common divisor of u and 162.
18
Let i = 161 - 136. Let w = -97 + 122. What is the greatest common divisor of i and w?
25
Let z be (8643/268)/(0 + 3/4). Let x(w) = -139*w - 7. Let t be x(-5). What is the highest common factor of z and t?
43
Let i be 57/209*(5 + -4) + 5714/22. What is the greatest common factor of i and 1060?
20
Let w(g) be the third derivative of g**5/20 - 2*g**4/3 + 67*g**3/6 + 23*g**2. Let c be w(5). Calculate the highest common factor of 186 and c.
62
Suppose 36*j - 34 = -4*d + 41*j, -5 = -d + 3*j. Suppose 0 = h + 1, -89 = u - 2*u + h. What is the highest common factor of d and u?
11
Let n be 27/(-18)*28/(-6). Suppose -5*d - n = 3. Let s be -2*(-2*d/4 - 5). Calculate the greatest common factor of 6 and s.
2
Let m be 2/2*(-2 + (-20)/(-4)). Let w be m/((-32)/176*(-2)/(-4)). Let i = 67 + w. Calculate the highest common divisor of i and 34.
34
Let g be 8 - 5/((-30)/(-24)). Suppose -g*j + 45 = 5*f - 9*j, 10 = 2*f + 2*j. What is the greatest common factor of f and 4?
1
Let l(k) = -124*k - 245. Let n be l(-2). Calculate the greatest common factor of n and 309.
3
Let n(p) = p**3 + 3*p**2 + 13*p - 77. Let b be n(6). What is the greatest common factor of b and 1175?
25
Let t = 239 - 158. Suppose 3*f = -3*s + t, -3*f = -6*f + s + 89. Let y = 49 - f. What is the highest common divisor of 50 and y?
10
Let h = -168 - -196. Let p(o) = o**3 - 27*o**2 - 29*o + 76. Let i be p(h). What is the highest common factor of 180 and i?
12
Let r = -35 - -39. Let z be 4 + -7 - (r - 9). Suppose -2*p = 2*w - 18, -3*p + 9 = -6. What is the highest common divisor of w and z?
2
Let d be -3 + (23 - 4/(-2)). Let c(l) = 22*l + l**3 + 19 - 10*l - 13*l + 14*l**2. Let g be c(-14). Calculate the highest common factor of g and d.
11
Let q = -1 + 4. Suppose 6*x = 5*x - q. Let m be x*(21/(-3) + 4). Calculate the highest common divisor of 90 and m.
9
Let d(p) = -139*p - 823. Let g be d(-6). What is the highest common divisor of 17677 and g?
11
Let n = 79 + -77. Suppose 12 = 7*p - n. Suppose -14 = -3*o - 5*t + 12, t = -2*o + 8. What is the highest common divisor of o and p?
2
Let g(m) = -4*m - 16. Let y be g(-9). Suppose -y*d + 17*d = -39. Suppose u - 17 = l, d = -3*u + 4*u + l. Calculate the greatest common divisor of 6 and u.
3
Suppose 5*p - p + 373 = l, -5*l - 15 = 0. Let i = p + 104. Let o be (-6*(-4)/i)/((-45)/(-2850)). Calculate the greatest common factor of 19 and o.
19
Suppose 12*d = 9*d - 2*x - 258, x = 3. Let b be (-7 + 153/18)*d/(-6). Calculate the greatest common divisor of b and 11.
11
Let g = 16443 + -16428. Let i = -48 + 111. Let j = i + -18. What is the highest common divisor of j and g?
15
Let k = -37096 - -37200. Calculate the highest common divisor of k and 3176.
8
Let f = 3299 - 1055. Suppose 11*i = -11*i + f. What is the highest common factor of i and 34?
34
Let f(v) = 5*v**2 - 41*v + 1101. Let i be f(25). What is the highest common divisor of i and 99?
33
Let t be 0 + (-29)/(348/(-3564)). What is the highest common divisor of 121 and t?
11
Suppose -3*q + 70 = -7*f + 5*f, -2*q - 3*f = -25. Let b be ((0 - 31) + 3)*(-75)/q. What is the highest common divisor of b and 15?
15
Let q(s) = 49 + 63 - 13 - 13*s + 122. Let l be q(-43). Calculate the highest common factor of 10 and l.
10
Suppose 4*q = 58 + 50. Let k be 6/q + (-1614)/(-27). Calculate the highest common divisor of 20 and k.
20
Suppose -14*k + 2*k + 6*k + 189384 = 0. Calculate the greatest common factor of 52 and k.
52
Let c be ((-492)/(-15))/((-13)/130). Let s = 443 + c. What is the highest common divisor of s and 46?
23
Let f be 2 - (-4)/(8/186). Suppose -683*l = -686*l - 2*m + 112, 5*l - 187 = -3*m. What is the highest common factor of f and l?
19
Let i = -60 - -228. Suppose 241*w - 244*w + i = 0. Calculate the greatest common factor of w and 21.
7
Let d = -102 - -435. Let a(c) = -c**3 + 32*c**2 + 8*c - 247. Let t be a(32). What is the greatest common factor of t and d?
9
Suppose 201*o - 1374 = -3*g + 198*o, o - 914 = -2*g. Calculate the highest common factor of g and 741.
57
Let x = 3598 - 3546. Calculate the highest common factor of x and 22.
2
Let j(a) = 8*a**2 - a. Let l be j(2). Let s be 5/(l/24) - -160. Suppose 2*f - 72 = 2*g - 10, 5*f + 4*g - s = 0. What is the greatest common factor of 8 and f?
8
Suppose -26*m = -1165 + 359. Let p = 62 - 31. Calculate the highest common factor of p and m.
31
Suppose n + n = 608. Suppose n = -32*t + 1008. Let c be -1 - (-200)/1 - 1. Calculate the highest common divisor of t and c.
22
Suppose 410 = -10*f + 1104 + 916. Calculate the greatest common divisor of f and 736.
23
Let n(k) = k - 125. Let p be n(0). Let l be (-2)/(-4) - p/10. Let a be (-60 - (10 + -5))*(-44 + 43). Calculate the greatest common divisor of l and a.
13
Let i(t) = t**3 - t**2 - 30. Let b be i(0). Let q(x) = -4*x**2 - 18*x - 51. Let m be q(-3). Let h = b - m. Calculate the greatest common divisor of 2 and h.
1
Suppose -i + 141 = -2*a, -31*i = -29*i + 3*a - 303. What is the greatest common divisor of 63 and i?
21
Let w = 2453 - 2435. What is the highest common factor of w and 12186?
18
Let x = 25 - 21. Suppose 0 = -7*o + x*o - 108. Let i = 4 - o. Calculate the highest common divisor of 320 and i.
40
Let q(v) = v**2 - 61*v + 994. Let k be q(-58). Calculate the highest common factor of 24 and k.
24
Suppose 13603*m - 13598*m = 19305. What is the greatest common divisor of 286 and m?
143
Let v(t) = 16*t - 76. Let j be v(7). Suppose j = 13*m + 5*m. Suppose 4*b - 48 = 2*b. What is the highest common factor of m and b?
2
Suppose -18*o = -23*o - 17600. Let t be (-4)/(-7) - o/112. Calculate the greatest common factor of 48 and t.
16
Suppose -s - 3*n + 12 = 0, -2*n - 14 = -4*s + 6. Suppose -28*m = s*m - 13056. Calculate the highest common divisor of 32 and m.
32
Suppose 0 = -v + 1720 + 2627. What is the highest common divisor of v and 9?
9
Suppose 5*a - 3*i + 8*i - 45 = 0, 9 = -4*a + 5*i. Suppose -5*x = -10*x - 5*o + 220, -3*x - a*o + 129 = 0. Calculate the highest common factor of 235 and x.
47
Let c(k) = 4*k**3 + 8*k**2 - 26*k - 4. Let f be c(4). Suppose -9*u - 28 = -2*j - 5*u, -4*j - 3*u = -111. What is the greatest common factor of f and j?
12
Let h(a) = -77*a + 44. Let m(c) = -c**2 + 153*c - 89. Let l(b) = 7*h(b) + 3*m(b). Let q be l(-27). What is the highest common factor of q and 1694?
14
Let k(o) = o**3 - o**2 + 8. Let j = -471 - -473. Let s be k(j). Let l = 46 + -16. Calculate the greatest common factor of s and l.
6
Suppose 3920 = 19*i - 1644 - 2644. What is the highest common divisor of 19728 and i?
144
Suppose u - 7 = g, -2*g - 29 = -u - 12. Let o be 4/g - (-77)/5. Let a(n) = n**3 - n**2 - 2*n - 7. Let v be a(3). What is the greatest common divisor of v and o?
5
Suppose -357 = 5*u + 178. Suppose 7472*l - 22